e remainder when 26623 is divided by 5324?
3
What is the remainder when 3903 is divided by 574?
459
What is the remainder when 303149 is divided by 16?
13
What is the remainder when 1753133 is divided by 261?
257
Calculate the remainder when 581170 is divided by 72646.
2
What is the remainder when 459232 is divided by 229609?
14
What is the remainder when 16521 is divided by 32?
9
What is the remainder when 3555 is divided by 358?
333
Calculate the remainder when 11332 is divided by 3556.
664
Calculate the remainder when 652 is divided by 16.
12
Calculate the remainder when 4732 is divided by 88.
68
What is the remainder when 25249 is divided by 12620?
9
What is the remainder when 72011 is divided by 102?
101
What is the remainder when 242754 is divided by 29?
24
What is the remainder when 1392982 is divided by 1022?
1018
What is the remainder when 166089 is divided by 190?
29
What is the remainder when 3718 is divided by 383?
271
Calculate the remainder when 2153 is divided by 715.
8
What is the remainder when 210340 is divided by 70104?
28
What is the remainder when 1705 is divided by 30?
25
Calculate the remainder when 86308 is divided by 2697.
4
What is the remainder when 20997 is divided by 1166?
9
Calculate the remainder when 5863 is divided by 105.
88
What is the remainder when 26333 is divided by 82?
11
Calculate the remainder when 1200 is divided by 57.
3
What is the remainder when 50597 is divided by 23?
20
Calculate the remainder when 41496 is divided by 27.
24
What is the remainder when 8575 is divided by 505?
495
Calculate the remainder when 544542 is divided by 108905.
17
Calculate the remainder when 289781 is divided by 114.
107
Calculate the remainder when 161420 is divided by 118.
114
Calculate the remainder when 14741 is divided by 292.
141
What is the remainder when 4626 is divided by 1216?
978
What is the remainder when 1130 is divided by 1102?
28
Calculate the remainder when 3932 is divided by 1205.
317
What is the remainder when 13490 is divided by 261?
179
What is the remainder when 102 is divided by 24?
6
What is the remainder when 583679 is divided by 196?
187
What is the remainder when 1500236 is divided by 12?
8
What is the remainder when 14454 is divided by 7223?
8
What is the remainder when 232073 is divided by 240?
233
Calculate the remainder when 10154 is divided by 9.
2
Calculate the remainder when 7014 is divided by 2327.
33
Calculate the remainder when 22724 is divided by 3234.
86
What is the remainder when 40433 is divided by 44?
41
What is the remainder when 31726 is divided by 454?
400
Calculate the remainder when 1793 is divided by 269.
179
Calculate the remainder when 557312 is divided by 46.
22
Calculate the remainder when 341 is divided by 56.
5
Calculate the remainder when 18603 is divided by 1548.
27
Calculate the remainder when 244617 is divided by 707.
702
What is the remainder when 65996 is divided by 21?
14
What is the remainder when 680526 is divided by 462?
0
Calculate the remainder when 1411 is divided by 318.
139
What is the remainder when 678087 is divided by 109?
107
Calculate the remainder when 69730 is divided by 43.
27
Calculate the remainder when 6145 is divided by 6112.
33
Calculate the remainder when 16643 is divided by 48.
35
What is the remainder when 92466 is divided by 30815?
21
Calculate the remainder when 331 is divided by 147.
37
What is the remainder when 12333 is divided by 113?
16
Calculate the remainder when 7802 is divided by 36.
26
What is the remainder when 611 is divided by 60?
11
Calculate the remainder when 2180 is divided by 242.
2
Calculate the remainder when 34566 is divided by 2486.
2248
What is the remainder when 6696 is divided by 282?
210
Calculate the remainder when 30056 is divided by 5007.
14
Calculate the remainder when 1104 is divided by 124.
112
What is the remainder when 2845 is divided by 754?
583
What is the remainder when 113924 is divided by 25?
24
What is the remainder when 828 is divided by 383?
62
Calculate the remainder when 12037 is divided by 58.
31
What is the remainder when 2644 is divided by 876?
16
Calculate the remainder when 167243 is divided by 155.
153
Calculate the remainder when 34764 is divided by 1053.
15
Calculate the remainder when 307197 is divided by 200.
197
What is the remainder when 288070 is divided by 32?
6
Calculate the remainder when 5196 is divided by 42.
30
Calculate the remainder when 181195 is divided by 304.
11
Calculate the remainder when 14228 is divided by 3533.
96
Calculate the remainder when 49275 is divided by 388.
387
Calculate the remainder when 5373 is divided by 12.
9
Calculate the remainder when 81459 is divided by 7401.
48
Calculate the remainder when 16059 is divided by 8017.
25
Calculate the remainder when 2994 is divided by 280.
194
What is the remainder when 2515 is divided by 2472?
43
What is the remainder when 7254 is divided by 148?
2
Calculate the remainder when 180027 is divided by 65.
42
Calculate the remainder when 15757 is divided by 553.
273
What is the remainder when 132778 is divided by 529?
528
Calculate the remainder when 79030 is divided by 208.
198
Calculate the remainder when 741654 is divided by 92706.
6
Calculate the remainder when 16756 is divided by 356.
24
What is the remainder when 9591 is divided by 140?
71
Calculate the remainder when 212149 is divided by 25.
24
What is the remainder when 589127 is divided by 182?
175
What is the remainder when 171180 is divided by 2313?
18
What is the remainder when 11803 is divided by 3745?
568
Calculate the remainder when 4613 is divided by 2096.
421
Calculate the remainder when 77960 is divided by 325.
285
What is the remainder when 16951 is divided by 1599?
961
Calculate the remainder when 41417 is divided by 167.
1
Calculate the remainder when 2209 is divided by 147.
4
Calculate the remainder when 6655 is divided by 3.
1
What is the remainder when 1414741 is divided by 1419?
1417
Calculate the remainder when 6035 is divided by 177.
17
What is the remainder when 127126 is divided by 757?
707
What is the remainder when 220347 is divided by 143?
127
What is the remainder when 3275 is divided by 2825?
450
Calculate the remainder when 14680 is divided by 2498.
2190
Calculate the remainder when 1204 is divided by 269.
128
Calculate the remainder when 12203 is divided by 30.
23
What is the remainder when 807320 is divided by 32?
24
Calculate the remainder when 212965 is divided by 2.
1
What is the remainder when 72439 is divided by 565?
119
Calculate the remainder when 12250 is divided by 307.
277
What is the remainder when 225317 is divided by 655?
652
What is the remainder when 1035 is divided by 4?
3
Calculate the remainder when 1809 is divided by 1.
0
What is the remainder when 2107 is divided by 2093?
14
Calculate the remainder when 1601 is divided by 388.
49
Calculate the remainder when 365 is divided by 294.
71
What is the remainder when 2489 is divided by 17?
7
Calculate the remainder when 19623 is divided by 9807.
9
What is the remainder when 1960 is divided by 746?
468
What is the remainder when 53569 is divided by 8927?
7
What is the remainder when 177369 is divided by 98?
87
Calculate the remainder when 97278 is divided by 46.
34
What is the remainder when 215188 is divided by 15?
13
Calculate the remainder when 20471 is divided by 1690.
191
What is the remainder when 4109 is divided by 3717?
392
Calculate the remainder when 30247 is divided by 2747.
30
Calculate the remainder when 48311 is divided by 24116.
79
What is the remainder when 1910 is divided by 97?
67
What is the remainder when 2973 is divided by 1917?
1056
Calculate the remainder when 31230 is divided by 244.
242
Calculate the remainder when 36742 is divided by 1530.
22
Calculate the remainder when 16956 is divided by 48.
12
Calculate the remainder when 1635 is divided by 12.
3
Calculate the remainder when 699 is divided by 230.
9
What is the remainder when 58835 is divided by 4?
3
Calculate the remainder when 58508 is divided by 115.
88
Calculate the remainder when 4251 is divided by 1997.
257
What is the remainder when 12113 is divided by 13?
10
What is the remainder when 1869 is divided by 1853?
16
Calculate the remainder when 8082 is divided by 2691.
9
What is th